at is the hundred thousands digit of 217393?
2
What is the ten thousands digit of 151597?
5
What is the hundred thousands digit of 177595?
1
What is the ten thousands digit of 1217443?
1
What is the thousands digit of 36057868?
7
What is the hundreds digit of 1358398?
3
What is the ten thousands digit of 1868622?
6
What is the hundreds digit of 13156578?
5
What is the millions digit of 5647715?
5
What is the hundred thousands digit of 5770658?
7
What is the units digit of 845252?
2
What is the hundred thousands digit of 1146211?
1
What is the thousands digit of 29689?
9
What is the ten thousands digit of 3743021?
4
What is the ten millions digit of 18668343?
1
What is the tens digit of 7737578?
7
What is the hundreds digit of 587924?
9
What is the units digit of 11049462?
2
What is the tens digit of 36510?
1
What is the hundred thousands digit of 3705555?
7
What is the thousands digit of 17715625?
5
What is the hundreds digit of 3778579?
5
What is the hundreds digit of 7796201?
2
What is the tens digit of 215979?
7
What is the hundreds digit of 13957571?
5
What is the hundred thousands digit of 4045426?
0
What is the ten thousands digit of 29435282?
3
What is the thousands digit of 220369?
0
What is the tens digit of 5664293?
9
What is the tens digit of 180173?
7
What is the units digit of 5934975?
5
What is the units digit of 680272?
2
What is the thousands digit of 9589274?
9
What is the millions digit of 1118957?
1
What is the units digit of 5145514?
4
What is the hundreds digit of 3617272?
2
What is the ten thousands digit of 1216593?
1
What is the tens digit of 2397889?
8
What is the hundreds digit of 147629?
6
What is the ten thousands digit of 8750536?
5
What is the hundred thousands digit of 7513953?
5
What is the tens digit of 605307?
0
What is the hundreds digit of 419469?
4
What is the hundred thousands digit of 14469501?
4
What is the units digit of 2288747?
7
What is the thousands digit of 1661751?
1
What is the thousands digit of 4355731?
5
What is the tens digit of 590722?
2
What is the thousands digit of 1845775?
5
What is the hundred thousands digit of 343576?
3
What is the units digit of 158852?
2
What is the ten thousands digit of 3155671?
5
What is the hundred thousands digit of 190893?
1
What is the units digit of 641769?
9
What is the units digit of 16272497?
7
What is the units digit of 973318?
8
What is the ten thousands digit of 6419356?
1
What is the millions digit of 7138809?
7
What is the tens digit of 462715?
1
What is the ten thousands digit of 304871?
0
What is the millions digit of 1043135?
1
What is the tens digit of 1497698?
9
What is the tens digit of 2280884?
8
What is the units digit of 327882?
2
What is the units digit of 522802?
2
What is the ten thousands digit of 139815?
3
What is the millions digit of 1257873?
1
What is the hundred thousands digit of 4306610?
3
What is the thousands digit of 632492?
2
What is the millions digit of 9823014?
9
What is the hundreds digit of 770643?
6
What is the ten thousands digit of 815612?
1
What is the tens digit of 7960625?
2
What is the thousands digit of 3283591?
3
What is the thousands digit of 1190725?
0
What is the ten thousands digit of 1735169?
3
What is the ten thousands digit of 10496026?
9
What is the units digit of 526728?
8
What is the thousands digit of 13180619?
0
What is the hundred thousands digit of 3565214?
5
What is the hundreds digit of 3027550?
5
What is the ten millions digit of 22389112?
2
What is the hundred thousands digit of 26508774?
5
What is the tens digit of 472353?
5
What is the millions digit of 2322191?
2
What is the ten thousands digit of 2634385?
3
What is the millions digit of 1446495?
1
What is the units digit of 744988?
8
What is the hundred thousands digit of 6300756?
3
What is the ten thousands digit of 560645?
6
What is the units digit of 14433318?
8
What is the hundreds digit of 981519?
5
What is the ten thousands digit of 377295?
7
What is the units digit of 81803?
3
What is the hundred thousands digit of 18522133?
5
What is the thousands digit of 18172153?
2
What is the hundred thousands digit of 4017952?
0
What is the tens digit of 1058754?
5
What is the hundreds digit of 244223?
2
What is the units digit of 1944640?
0
What is the units digit of 14120852?
2
What is the hundreds digit of 281055?
0
What is the units digit of 475793?
3
What is the hundreds digit of 1915770?
7
What is the millions digit of 1770572?
1
What is the thousands digit of 123619?
3
What is the hundreds digit of 355432?
4
What is the thousands digit of 983362?
3
What is the units digit of 1615386?
6
What is the units digit of 746080?
0
What is the units digit of 1393278?
8
What is the millions digit of 7526357?
7
What is the hundred thousands digit of 10539498?
5
What is the tens digit of 354346?
4
What is the millions digit of 1365684?
1
What is the units digit of 3804397?
7
What is the thousands digit of 657669?
7
What is the hundred thousands digit of 194024?
1
What is the hundred thousands digit of 1871154?
8
What is the thousands digit of 40555?
0
What is the thousands digit of 3593722?
3
What is the ten thousands digit of 3290128?
9
What is the units digit of 359162?
2
What is the hundred thousands digit of 339460?
3
What is the units digit of 376630?
0
What is the tens digit of 2960455?
5
What is the tens digit of 616810?
1
What is the hundred thousands digit of 1522647?
5
What is the tens digit of 7702512?
1
What is the ten thousands digit of 4386645?
8
What is the hundreds digit of 149135?
1
What is the tens digit of 15588702?
0
What is the tens digit of 2818369?
6
What is the hundreds digit of 837?
8
What is the ten thousands digit of 758694?
5
What is the hundreds digit of 1900358?
3
What is the hundreds digit of 161562?
5
What is the ten thousands digit of 796574?
9
What is the hundreds digit of 1180007?
0
What is the units digit of 160862?
2
What is the tens digit of 19103322?
2
What is the thousands digit of 2957806?
7
What is the hundred thousands digit of 147648?
1
What is the hundreds digit of 4424970?
9
What is the tens digit of 2495711?
1
What is the millions digit of 3701254?
3
What is the hundred thousands digit of 12499800?
4
What is the hundreds digit of 511305?
3
What is the hundreds digit of 183960?
9
What is the hundred thousands digit of 136665?
1
What is the thousands digit of 2668818?
8
What is the units digit of 1164763?
3
What is the hundreds digit of 1206230?
2
What is the millions digit of 1136460?
1
What is the thousands digit of 117553?
7
What is the thousands digit of 256707?
6
What is the millions digit of 11151718?
1
What is the hundreds digit of 585797?
7
What is the units digit of 301038?
8
What is the units digit of 97441?
1
What is the hundreds digit of 7426827?
8
What is the hundreds digit of 295135?
1
What is the hundreds digit of 127327?
3
What is the thousands digit of 1151089?
1
What is the tens digit of 60914?
1
What is the ten thousands digit of 3906473?
0
What is the thousands digit of 34951248?
1
What is the tens digit of 760483?
8
What is the ten thousands digit of 188374?
8
What is the ten thousands digit of 8579583?
7
What is the thousands digit of 12291259?
1
What is the ten millions digit of 28855284?
2
What is the units digit of 15154248?
8
What is the hundreds digit of 8144157?
1
What is the tens digit of 1873679?
7
What is the tens digit of 2465881?
8
What is the thousands digit of 383307?
3
What is the hundreds digit of 3774379?
3
What is the hundreds digit of 438005?
0
What is the units digit of 4562467?
7
What is the ten thousands digit of 730561?
3
What is the units digit of 251872?
2
What is the hundreds digit of 17934809?
8
What is the hundreds digit of 24446991?
9
What is the hundred thousands digit of 563337?
5
What is the tens digit of 8837093?
9
What is the tens digit of 673336?
3
What is the units digit of 1204281?
1
What is the units digit of 205095?
5
What is the tens digit of 1134461?
6
What is the units digit of 13818112?
2
What is the units digit of 65026?
6
What is the thousands digit of 291534?
1
What is the units digit of 2495886?
6
What is the ten thousands digit of 69082?
6
What is the units digit of 187467?
7
What is the hundreds digit of 906354?
3
What is the thousan